*k + 10386 = v. List the prime factors of k.
2, 5, 13
Let b = -23065 - -43471. List the prime factors of b.
2, 3, 19, 179
Suppose -29*z + 206173 = -26*z + 2*a, 2*z = a + 137430. List the prime factors of z.
7, 9817
Let y(m) = 227*m**3 + 5*m - 5. Let s(i) = i**3 + 8*i**2 + 18*i + 9. Let j be s(-4). List the prime factors of y(j).
227
Let g(q) = -q**3 + 8*q**2 + 4*q - 15. Let h be g(6). Let w = -249 + h. Let b = w + 271. List the prime factors of b.
103
Suppose 4*u - 149 - 378 = 3*i, -4*u + 4*i + 524 = 0. List the prime factors of u.
2, 67
Let a(y) = 7738*y + 2085. List the prime factors of a(9).
3, 23909
Let j be ((-3)/4)/(21/(-560)*5). Suppose -5*m - 5*b = -6545, j*m - 1706 - 3500 = 2*b. List the prime factors of m.
2, 163
Let u(n) = 250*n**3 + 10*n**2 - 27*n + 12. What are the prime factors of u(3)?
3, 37, 61
List the prime factors of 133400/45 + 12*9/(-243).
2, 3, 13, 19
Suppose 1896 + 45394 = 10*x. Suppose 3605 + x = 9*d. List the prime factors of d.
2, 463
Suppose -117*s + 521224 = -190*s + 161*s. List the prime factors of s.
5923
Let u(f) be the second derivative of 17*f**4/6 - 5*f**3/3 + 8*f**2 + 282*f. List the prime factors of u(6).
2, 5, 59
Let o(v) = -375*v - 8028. List the prime factors of o(-27).
3, 233
Let y(s) = 3*s**2 + 44*s - 7. Let a be y(-15). Suppose -9*i = -a*i - 156. What are the prime factors of i?
2, 3, 13
Let k = 6091 + -3091. What are the prime factors of k?
2, 3, 5
Suppose 0 = -0*k + 4*k - 3*f - 60, 0 = -4*k - 4*f + 88. Suppose 3*h + 25 = 4*i, 0*h = -3*i + 2*h + k. What are the prime factors of 3 + 55 + -3 + i?
59
Let a(v) = v**2 + 5*v - 71. Let s be a(6). What are the prime factors of (-3)/s + 315084/210?
19, 79
Let k = -128366 + 255050. What are the prime factors of (k/32)/9 - 3/(-24)?
2, 5, 11
Let p = -14501 - -44966. List the prime factors of p.
3, 5, 677
Let o(c) = -6*c**2 - c + 4. Let s be o(3). Let d(b) = -29*b - 56. Let a be d(-4). Let y = a - s. List the prime factors of y.
113
Let x(g) = -69*g**3 + 1. Let t be x(-1). Let w = 72 - t. Suppose -5*v = w*d + d - 427, 0 = 4*d - 3*v - 550. What are the prime factors of d?
139
Let v be -130*(4 + (-182)/5). Suppose -6*x = -4*t - 10*x + v, -4*t - 2*x + 4206 = 0. What are the prime factors of t?
2, 3, 5, 7
Suppose 27272 = i + 2*r, -307668 = -15*i - 5*r + 101287. What are the prime factors of i?
2, 43, 317
Let q(k) be the first derivative of -19*k**3/3 + 3*k**2/2 + k + 13. Let u(d) be the first derivative of q(d). List the prime factors of u(-1).
41
Suppose 415*r + 207525 = 420*r + v, -10 = 2*v. What are the prime factors of r?
2, 20753
Let q be (-2)/5 + (-2824)/(-10). Let n(z) = -4*z + 436. Let g be n(-18). Let t = g - q. List the prime factors of t.
2, 113
Let w = -124 + 126. Suppose w*b = 3*n - 1457, n + 208 = -4*b + 675. What are the prime factors of n?
3, 7, 23
Let c be ((-10)/8)/(-3*(-2)/(-24)). Suppose c*v = -3*f + 154, -5*f + 5*v + 290 - 20 = 0. What are the prime factors of f?
53
Suppose -3*l - 4665 = 12*l. Let h = 350 + l. List the prime factors of h.
3, 13
Let m be ((-4)/(-6))/((-4)/6) + 6. Suppose -y = -5*v + 108, 3*y = 2*v - m*v + 54. Suppose 114 - v = j. List the prime factors of j.
3, 31
Suppose x + 2*q + 123 = 0, 2*x + x + q + 344 = 0. Suppose -2*v + 376 = 9*w - 7*w, 0 = 4*w + 3*v - 756. Let o = w + x. What are the prime factors of o?
79
Let f = 1319 + -1317. Let a(y) = 36*y**2 - 3*y + 6*y**2 - 2 - y. What are the prime factors of a(f)?
2, 79
Let c = 64 + 184. Suppose -6 = -l + v + 44, -4*v - c = -5*l. What are the prime factors of ((-4)/(-12))/(1/l)?
2
Let v = 23 - 20. Let m = v - 0. What are the prime factors of (6/(-7))/m + (-1922)/(-14)?
137
What are the prime factors of (14 - 16)/(2/(-4713)) + -4?
17, 277
Suppose -4641 = 851*h - 852*h. List the prime factors of h.
3, 7, 13, 17
Let u = -50 - -56. Let d(k) = k**2 - 8*k + 20. Let b be d(u). Suppose -b + 33 = -5*a, -2*x + 3*a + 73 = 0. List the prime factors of x.
29
Let v = 1 + -1. Let l(d) = 35*d - 153. Let b be l(7). List the prime factors of v + b + 1*-3.
89
Suppose 0 = 5*t - 4*t. Suppose t = 4*x + 5*x. Suppose -5*r + 3*z + 86 = x, 3*r + r - 5*z - 61 = 0. What are the prime factors of r?
19
Let x(p) = -5*p**3 - 13*p**2 + 6*p + 5. Let o be x(-3). Suppose -7*a + o*i = -2*a - 5310, 0 = -5*a + 3*i + 5310. What are the prime factors of a?
2, 3, 59
Let s = 2207 - 3099. Let l = s + 1425. List the prime factors of l.
13, 41
Let g(f) = f**2 - 126*f + 3950. Let t be g(66). Let b = -2 + 4. List the prime factors of b*15/t - -222.
3, 73
Let v(z) = -2*z**3 + 29*z**2 - 22*z + 8. Suppose -301*c - 78 = -307*c. List the prime factors of v(c).
229
Suppose 0 = -l + 2, 5*z + 2000 = -l + 58347. What are the prime factors of z?
59, 191
Let v(t) = -t**2 - 9*t + 5. Suppose b = 2*l, -7*b - 4*l = -3*b + 36. List the prime factors of v(b).
23
Suppose -8*f + 69 = 189. List the prime factors of 3890/8 + ((-405)/36)/f.
487
Let o(m) = 9*m - 15 + 7*m - 9. Let h be (-7)/(-168)*-3 - 399/(-56). What are the prime factors of o(h)?
2, 11
Let s = -12 - -15. Suppose 10*o - 1344 = s*o. List the prime factors of o.
2, 3
Suppose -897 = -4*u + z - 2*z, -4*z - 872 = -4*u. Let v = u + 361. List the prime factors of v.
2, 73
List the prime factors of -19 + -2*(-1122507)/63 + 2/(-14).
2, 3, 7, 53
Let m(z) be the third derivative of 4*z**5 + z**4/8 - 2*z**3/3 - 174*z**2. What are the prime factors of m(-2)?
2, 5, 19
Suppose -83*z - 55*z + 1197084 = -54*z. List the prime factors of z.
14251
Let m(j) = -5 - j**2 - 208*j**3 + 0*j**2 - 5*j - j**2 + 2. What are the prime factors of m(-1)?
2, 13
Let m(h) = 2*h**2 + 15*h - 22. Let t be ((-6)/4)/((-11)/66). What are the prime factors of m(t)?
5, 11
Let z(v) = -5*v**3 - 29*v**2 - 15*v + 21. List the prime factors of z(-10).
3, 757
Let o(k) = k**3 + 90*k**2 + 550*k + 256. List the prime factors of o(-74).
2, 3, 3931
Let g = 10551 + -6263. Suppose 7*j + g = 15*j. What are the prime factors of j?
2, 67
Let r = 9563 - 4670. List the prime factors of r.
3, 7, 233
Let m = 148176 + -100740. What are the prime factors of m?
2, 3, 59, 67
Let i = 8154 - 1261. List the prime factors of i.
61, 113
Let g(d) = d**3 - 27*d**2 - 22*d - 58. Let t(u) = 9*u - 17. Let b be t(5). What are the prime factors of g(b)?
2, 5, 11
Let v = 8199 - -3728. List the prime factors of v.
11927
Let a(i) = -75*i - 74. Let l be a(-27). Let m = l - 1331. List the prime factors of m.
2, 5, 31
Suppose 0*o + 132 = 11*o. Let l(c) = 129*c + 161. List the prime factors of l(o).
1709
Let s(a) = -42 + a**2 + 355*a + a**2 + 1 - 361*a. List the prime factors of s(17).
3, 5, 29
Let m be 20 + -19 - (-1 - (4 - 1)). Let y(c) = c**2 + 12 + c**3 + 0*c**2 + 5*c**2 + 9*c + m*c**2. What are the prime factors of y(-6)?
2, 3, 23
Suppose 4*j - 3*a - 6 = 0, 5*a + 11 = 3*j + 1. Suppose -12*m + 32 + 424 = j. List the prime factors of m.
2, 19
List the prime factors of 4439/1 - -18*10/45.
3, 1481
Let w be (0 - -1 - 1)/(3 + -1). Suppose -3*u - 3 = -n, 3*u - u - 2*n + 6 = w. Suppose 4*d = 144 - u. List the prime factors of d.
2, 3
Let m(s) = s - 43. Let d be m(19). Let x = -26 - d. What are the prime factors of 0 - ((x - -3) + -203)/2?
101
Let n(p) = p**3 - 14*p**2 + 4*p - 41. Let w be n(14). What are the prime factors of (-1)/w*2 + 68488/210?
2, 163
Let m(p) = -5*p**3 - 9*p**2 + 4*p + 29. What are the prime factors of m(-9)?
2909
Suppose 56*m + 16 = 60*m. List the prime factors of -2 + (m - (-2 - (-1 - -242))).
5, 7
Suppose -o + 12002 = -2*p, -2*o + 81*p = 83*p - 23980. List the prime factors of o.
2, 3, 1999
Let s(g) = g**2 - 6*g + 8. Let o be s(5). Let q(c) = c**3 - 3*c**2 + 5*c - 21. Let f be q(-9). List the prime factors of f/(-30) - o/5.
2, 17
Let d be (1/(6/(-51)))/(3/72). Let q be ((-1)/4)/(17/d). What are the prime factors of (7/2)/(q*(-1)/(-54))?
3, 7
Let j(g) = 5*g**2 + 3*g + 2. Let b be j(-1). Let c be (-2 - b*-11) + -2. Suppose -3*m - c - 71 = -f, -2*f + 2*m = -206. What are the prime factors of f?
3, 11
Let s = 3465 - -183. List the prime factors of s.
2, 3, 19
Let v be ((-4393)/69)/(2/3)*2. Let t = v - -354. What are the prime factors of t?
163
Let y = 211 + -5. Suppose -y = -2*t + 268. List the prime factors of t.
3, 79
Let o(z) = -59*z - 279. Let r(x) = 29*x + 139. Let l(v) = 6*o(v) + 11*r(v). List the prime factors of l(-28).
5, 167
Let l = 10997 +